 List the prime factors of y/4 + 8/32.
3
Let l = -505 + 949. List the prime factors of l.
2, 3, 37
Suppose 0 = 26*j - 29*j + 450. Suppose 7*g = 4*g + j. List the prime factors of g.
2, 5
Let h be (-8)/(-6) + (-16)/12. Suppose 5*y + 4*y - 99 = h. What are the prime factors of y?
11
Suppose w = -3*t - 4, 5*w - 8 - 26 = 3*t. Suppose 0 = 4*v + w*v - 531. What are the prime factors of v?
59
Suppose -2*s = -t + 466, 3*t + 3*s + 593 = 2000. Let m(g) = -g**2 - 3*g + 85. Let o be m(-11). List the prime factors of t/10 - o/15.
47
Let k be (0 - 1) + 13 + -12. Suppose -5*p + 0 + 10 = k. Let j(c) = 7*c**2 - 3*c + 2. List the prime factors of j(p).
2, 3
Let h = 103 + -27. Let o = h + -23. List the prime factors of o.
53
Let m = 172 + 265. What are the prime factors of m?
19, 23
Let h(n) = 2*n**3 - 2*n**2 + 2*n - 3. Let r be h(2). Let x(y) = -y + 22. Let i be x(-5). Let f = i - r. List the prime factors of f.
2, 3
Suppose 10710 = 465*i - 447*i. What are the prime factors of i?
5, 7, 17
Let q = 54 - 52. What are the prime factors of -4 - q*78/(-4)?
5, 7
Suppose 2*m - 5679 = -3*n, 6*n - 2*n - 5*m = 7572. What are the prime factors of n?
3, 631
Let h(x) = -x**3 - 12*x**2 - 16*x + 3. Let v be h(-11). Suppose 3*s + 4*t - 98 = 0, 0 = -s + 3*t + 2*t + v. What are the prime factors of s?
2, 19
Let j(k) = -75*k - 37. What are the prime factors of j(-5)?
2, 13
Suppose -5*q - 3*t = -20, -5*q + 3*t = 4*t - 10. What are the prime factors of 2 - 25/(q/(-1))?
3
Suppose -7*v = 2*v - 945. Suppose -3*k - v = -6*k. What are the prime factors of k?
5, 7
Let z be (-1)/1*-1*-6. Let g be -16 + (-2 + 0 + 2)/(-1). Let s = z - g. What are the prime factors of s?
2, 5
Suppose 4*l = 5*u - 6, -3*l - 3 = -0*u - 3*u. Let m be (6/3)/(u/6). Suppose 217 + 113 = m*h. What are the prime factors of h?
5, 11
Let n = 81 + -19. List the prime factors of ((-4)/8)/((-1)/n).
31
Suppose 0 = -3*g + 230 - 80. Let j = g + -45. List the prime factors of j.
5
Let q = 2070 - 1070. What are the prime factors of q?
2, 5
Suppose -5*i + 0*r = 5*r + 545, -r - 1 = 0. Let w = -49 - i. List the prime factors of w.
59
Let u(j) = j**3 + 31*j**2 + 27*j - 127. List the prime factors of u(-29).
2, 193
Suppose -44*y + p = -49*y + 3747, 3*p - 1491 = -2*y. List the prime factors of y.
2, 3, 5
Suppose -5*f + 8482 = 1567. List the prime factors of f.
3, 461
Let t(o) = o + 1. Let m(q) = 8*q**2 - 3*q - 12. Let l(f) = m(f) + 6*t(f). What are the prime factors of l(4)?
2, 67
Let k = -16 - -12. Let i be (2 - -1) + (-148)/k. What are the prime factors of 168/i - (-2)/(-10)?
2
Let w(v) = v - 2. Let d be w(3). Let k be -3 + d + 24/6. What are the prime factors of (-26)/(-2) + k + -1?
2, 7
What are the prime factors of (6928/(-12))/((-6)/9)?
2, 433
Let p(i) = -2*i**3 - 4*i**2 - i + 6. Let d be p(-6). Let m = -138 + d. Let c = m + -115. What are the prime factors of c?
47
Let o(n) be the third derivative of -13*n**6/720 - 2*n**5/15 - n**4/4 - 13*n**2. Let f(d) be the second derivative of o(d). List the prime factors of f(-5).
7
Let v be 3/9 + -1*(-2)/(-6). Suppose -5*x + 86 + 94 = v. List the prime factors of x.
2, 3
Suppose 3*q + 2*i = 5*q - 10, -q = 2*i - 20. Suppose 0 = -x + 5*f + 56, f + f = -q. What are the prime factors of x?
31
Let r be (-6)/(-27) + (-183)/54*-2. Let p(v) = 7*v + 44. What are the prime factors of p(r)?
3, 31
Let x(b) = -14*b - 36. Let y(k) = 21*k + 54. Let m(w) = -8*x(w) - 5*y(w). List the prime factors of m(8).
2, 37
Let u(k) = -k**3 + 6*k**2 - k - 4. Let a(i) = 2*i + 17. Let g be a(-7). Let h be u(g). Suppose 21*n = h*n + 57. What are the prime factors of n?
3, 19
Let k(s) = 173*s**2 - 103*s + 633. What are the prime factors of k(6)?
3, 2081
Let p = -160 + 1451. What are the prime factors of p?
1291
Suppose -85*f = -76*f - 23481. What are the prime factors of f?
2609
Suppose 0 = -37*g + 71*g - 47158. List the prime factors of g.
19, 73
Let d(n) = n**2 - 10*n + 9. Let x be d(9). Suppose x*l + 164 = l. What are the prime factors of l?
2, 41
Let p(l) = 16*l**2 + 61*l - 7. What are the prime factors of p(-9)?
2, 5, 37
Let s(o) = -92*o + 150. List the prime factors of s(-5).
2, 5, 61
Let g(d) = -30*d**3 - 19*d**2 + 7*d + 12. List the prime factors of g(-5).
2, 3, 271
Suppose -901*g + 934*g - 66132 = 0. List the prime factors of g.
2, 3, 167
Suppose 484 = -2*h - 5*l + 175, -5*h = 3*l + 725. Let i be 292/6*48/(-32). Let m = i - h. List the prime factors of m.
3, 23
List the prime factors of (252/35)/(4/30).
2, 3
Let j(y) = -y - 75. Let r(n) = n**2. Let d(c) = -j(c) + 2*r(c). What are the prime factors of d(0)?
3, 5
Let q(m) = m**3 - 6*m**2 + 2*m - 8. Let w be q(6). Suppose -5*g + w*g = 0, 5*g = -3*o + 756. What are the prime factors of o?
2, 3, 7
Let a = 169 - 60. Let r = -24 + a. What are the prime factors of r?
5, 17
Suppose 2 + 2 = 2*u. Suppose -j - u*j + 28 = 2*m, m + j = 12. What are the prime factors of m?
2
Suppose -4 = k - s - 44, 205 = 4*k + 5*s. Suppose 39*g = k*g - 1134. List the prime factors of g.
3, 7
Let c(z) = 4*z - 6*z + 1 - 2*z**3 - z**2 - z. List the prime factors of c(-3).
5, 11
Let a(m) = 2*m**2 + 13*m + 26. Let f be a(-9). Suppose 0 = -101*d + 102*d - f. What are the prime factors of d?
71
Let p be (8/(-6))/((-4)/(-114)). Let g = p + 76. What are the prime factors of g?
2, 19
Let w = -438 - -615. What are the prime factors of w?
3, 59
Let z(m) = -m - 1. Let w be z(-1). Suppose w = -2*i + 95 + 33. What are the prime factors of i?
2
Suppose 4051 - 16437 = -11*c. List the prime factors of c.
2, 563
Let c(l) = l**3 - 19*l**2 + 49*l + 6. List the prime factors of c(17).
3, 29
Suppose 12*m - 14*m = -1852. List the prime factors of m.
2, 463
Suppose -3*k + 12*k = 0. Suppose k = u - 4, -2*u - u = 2*q - 36. What are the prime factors of q?
2, 3
Let k(v) = 5*v - 13. Suppose 0 = 4*m - w + 7 + 7, -4*m - 5*w = 26. Let n = 3 - m. List the prime factors of k(n).
2, 11
Let h(k) = 9*k - k - 9*k - 4 - 4*k + 5*k**2. List the prime factors of h(4).
2, 7
Suppose 24*p + 604 = 26*p. What are the prime factors of p?
2, 151
Let j(i) = 4*i - 4. Let h(a) = -11*a + 12. Let b(z) = 6*h(z) + 17*j(z). Suppose 11*v = 9*v + 12. What are the prime factors of b(v)?
2
Let r be (2/6)/((-5)/(-180)*6). List the prime factors of 4494/63*r/(4/3).
107
Let x(k) = k**3 + 3*k**2 + 2*k + 2. Let u be x(-2). Let o(p) = 7*p - 3. Let i be o(u). Let h = 16 + i. List the prime factors of h.
3
Let r be (18/(-5))/((-6)/40). Suppose 2*u = -u + r. Suppose 4*a = -0*a + u. What are the prime factors of a?
2
What are the prime factors of -13822*(-6)/84 - 2/7?
3, 7, 47
Let b(c) = -3*c + 18*c - 3*c + 14 + 9*c. List the prime factors of b(3).
7, 11
Let z(s) = -s - 2. Suppose -10 = -2*w, 0 = -4*g - 7*w + 2*w - 23. Let o = -17 - g. List the prime factors of z(o).
3
Let d(f) = -6*f + 180. List the prime factors of d(-3).
2, 3, 11
Let d(u) = -u**3 + 18*u**2 - 30*u + 88. List the prime factors of d(12).
2, 37
Suppose -4*w + 0*z = -2*z - 1496, 5*z + 732 = 2*w. Suppose 0*f = -5*l - 2*f + 476, -4*l + w = 4*f. List the prime factors of l.
2, 3
Let t be ((-48)/(-36))/((-1)/((-6)/4)). What are the prime factors of t - 2*(-1465)/10?
5, 59
Suppose 0 = -4*r - 5*s + 3*s + 8, -3*s + 3 = 3*r. What are the prime factors of (-3)/2*((-71)/r - 3)?
2, 5
Let x be -3*10/(-15) + -2. Suppose x = 7*b - 57 - 6. List the prime factors of b.
3
Let b(j) = j**2 + 7*j - 1. Let z be b(-6). Let i = -3 - z. Suppose -t - 4*h = -0*h - 22, 3*t - i*h - 130 = 0. What are the prime factors of t?
2, 19
Suppose 14 = 5*z + 2*z. What are the prime factors of (-19 - -3)/(z/(-11))?
2, 11
What are the prime factors of (-482)/(-6)*(-1 + 7)?
2, 241
Let r = 15 - -297. What are the prime factors of r?
2, 3, 13
Suppose -m + 3 = -3*m + 3*l, 4*l + 65 = -5*m. Let y be (-34)/(-10) + m/(-15). Suppose 29 = 2*v + 3*n, -y*n - 2 = 2. List the prime factors of v.
2
Let h be (0/(-2 - 1))/1. Suppose h = 2*c - m - 64, -3*m - 53 + 133 = 2*c. What are the prime factors of c?
2, 17
Let l = 129 + 6. List the prime factors of l.
3, 5
Suppose 0 = -2*l - 4*g + 2*g + 772, 4*g = -2*l + 768. List the prime factors of l.
2, 97
Suppose 0 = 2*w - 6*w + 32. Suppose -g = 2*a + 3*g + w, a + 1 = -g. Suppose -a*s = 4*c - 52, 2*c - 158 = -5*s - 4. What are the prime factors of s?
2
Let r(a) = 241*a**2 - 11*a - 2. List the prime factors